e 3*(q + 8/3). What is r(s)?
0
Suppose -3*t + 10*t + 264 - 152 = 0. Let n(y) = -y**3 - 12*y**2 + 65*y + 22. Calculate n(t).
6
Let p(s) = -27*s**2 + 150*s - 123. Let x(z) = 16*z**2 - 77*z + 60. Let a(m) = 3*p(m) + 5*x(m). Determine a(64).
-5
Let j(l) = -11*l + 11. Let n(u) = u**3 - 7*u**2 + 9*u - 12. Let i be n(6). Let v(k) = -i + 5*k + 0 + k - k. Let y(r) = 6*j(r) + 13*v(r). Determine y(-6).
-6
Let i(w) = w**3 + 142 + 145 - w**2 - 431 + 145. Suppose 55 = 3*q + 2*f, -2*q + 3*f = -0*f - 28. Suppose -6*c + q = 5. Calculate i(c).
5
Let q(b) = -4 - 2574*b - 2570*b + 0 + 3 + 5143*b. Let i be (-2)/(-8) + 23/4. Calculate q(i).
-7
Let p(g) = -10*g**3 + g**2 - 2*g + 6. Suppose -s = 84*j - 78*j - 14, 3*j + 5*s = 16. Give p(j).
-74
Let m(z) be the third derivative of z**4/8 - z**3/2 + 4*z**2 - 2. Let h be ((-28)/10)/7 + 17/5. Give m(h).
6
Let o(j) = -5*j + 6. Suppose -350 + 438 = 22*y. What is o(y)?
-14
Let f(a) = 5*a**3 - 32*a**2 - 11*a - 2. Let q(i) = i**3 - 6*i**2 - 2*i. Let b(r) = -2*f(r) + 11*q(r). Suppose -3*n + 16 = 5*n. Determine b(n).
4
Suppose -12 = -2*c - 16. Suppose -4*r = 20, 122 + 175 = 2*o - 3*r. Let v(d) = 4 + o*d - 3 - 134*d. Calculate v(c).
-13
Let u(y) = -8*y**2 + y. Let c(z) be the second derivative of 4*z**3/3 - 2*z**2 - 19*z. Let a be c(-2). Let m be (1/4)/(5/a). What is u(m)?
-9
Let g(w) = w**3 + 8*w**2 - 21. Suppose -54*d = -48*d + 48. Give g(d).
-21
Let r(o) = 3*o**3 - 7*o**2 - 8*o - 7. Let d(g) = 13*g**3 - 28*g**2 - 33*g - 29. Suppose -3*s - 9 = -4*s. Let w(b) = s*r(b) - 2*d(b). Give w(8).
11
Suppose 2*z - 19 = 3*a - 0*z, -2*a - 18 = 4*z. Let x(p) = p**2. Let c(f) = -f**3 - 10*f**2 + 2*f + 8. Let u(t) = c(t) + 3*x(t). Give u(a).
-6
Let x be ((-2)/8)/((-53)/4028). Let u(m) = m**3 - 20*m**2 + 18*m + 13. What is u(x)?
-6
Let s(z) be the second derivative of 15/2*z**2 + 1/6*z**3 + 2 - 76*z. Calculate s(-8).
7
Let h(i) = -15*i**3 + i**2. Let l = 166 - 161. Let r be (0 - (-5)/l)*-1. Give h(r).
16
Let h = -3142 - -3148. Let r(i) = -3*i**2 + 4*i - 2. Calculate r(h).
-86
Let o be (-16)/6*(-1740)/232. Let i(g) = g**3 - 22*g**2 + 34*g + 43. Determine i(o).
-77
Let b(h) = -h + 11. Let p be -3 - (6/4)/((-1)/(-6)). Let f be (-3 - -5) + -5 - p. Suppose -f*n + 3*n + 36 = 0. What is b(n)?
5
Let m(u) = u + 1 - 1 - 7. Let g = 721 + -716. Suppose -4*d + 30 = r - 15, 0 = -d + 3*r - g. What is m(d)?
3
Let w(n) = n + 28 + 2*n + 10*n - 2*n**2 + 3*n**2. Let v be w(-11). Let p(u) = -u**2 + 10*u - 9. Give p(v).
15
Let h(j) be the third derivative of -j**6/120 - 4*j**5/15 - 5*j**4/8 - 2*j**3/3 + 3*j**2 - 80*j. What is h(-15)?
-4
Let b(k) = k**2 + 2*k - 2. Let m = -684 + 691. Let x(f) = 5*f - 3*f + f**3 - 17 - 7*f**2 + 0*f. Let c be x(m). Determine b(c).
1
Let s(d) be the third derivative of -1/120*d**6 + 289*d**2 + 0 + 0*d - 1/3*d**3 + 1/15*d**5 - 1/8*d**4. Determine s(4).
-14
Let i(z) = 2*z**2 + 56*z + 341. Let u be i(-19). Let m(f) = -18*f + 3. Give m(u).
21
Let s(k) = k**3 - 19*k**2 + 18*k - 6. Let n = 3623 - 3605. What is s(n)?
-6
Let s(y) = 29*y - 10*y - 13*y - 200 + 56. Give s(26).
12
Let m(o) = 13*o + 45. Let f(i) = -2771*i + 16617. Let n be f(6). Determine m(n).
-72
Let s be (-25)/75*(1 - -11). Let i(g) = -4*g + 3. What is i(s)?
19
Let r = -62 - -63. Let a be 0/((-5)/10*r*2). Let j(v) = v + 15. Determine j(a).
15
Suppose 5*s + 8*s - 65 = 0. Let j(h) = -h**2. Let x(p) = -p**3 + 7*p**2 - 6*p. Suppose 4*q - 11*q - 7 = 0. Let y(z) = q*j(z) - x(z). Calculate y(s).
5
Let z(f) = 5 + 56*f - 167 - 311 - 36. Calculate z(9).
-5
Let n(w) be the second derivative of w**3/2 + 8*w**2 + 875*w + 1. Give n(-7).
-5
Let y(b) = 3*b - 5. Let h be (-800)/(-80)*3/(3 + -6). Give y(h).
-35
Suppose -20 = -5*b - 2*o, -9 = -2*b - 1842*o + 1841*o. Let p(x) = -2*x**2 + 3*x - 2. Calculate p(b).
-4
Suppose -86*d - 141*d - 1512 = 304. Let h(v) be the first derivative of -v**2/2 + 2*v + 1. What is h(d)?
10
Let c(u) be the second derivative of u**6/180 + u**4/24 + u**3/6 + 2*u**2 - 3*u + 1. Let b(n) be the second derivative of c(n). Determine b(-1).
3
Let g be (-5 - -1)*((-15)/(-3) + -6). Suppose -u + 2*l - 39 = 17, u + 44 = -g*l. Let d be 2/8 + u/16 - 4. Let s(a) = a**2 + 6*a - 10. Determine s(d).
-3
Let x(z) be the first derivative of z**4/4 + 4*z**3/3 - 25*z**2/2 - 102*z - 5025. Give x(-4).
-2
Let t(m) = 0*m + m + 4657*m**3 - 4658*m**3 + 35 + 2*m**2 - 42. What is t(-3)?
35
Let v = -209 + 211. Let k(b) = -b**2 - 3*b**2 + 4 - 8 + b + 4*b**2 + b**v. Suppose 2*o + 5*m - 7 = 7, o = -4*m + 13. Determine k(o).
2
Suppose 7*f = 4*f + 3. Let p(b) = 0*b + f + 2 + 6*b - 9. Give p(2).
6
Let z(s) = 73*s + 4. Let a(d) = -67*d - 4. Let n(y) = 6*a(y) + 5*z(y). Calculate n(-2).
70
Let v(n) be the second derivative of -43*n**3/6 - 285*n**2/2 + 11186*n. Calculate v(-7).
16
Let p(u) be the first derivative of -1/2*u**2 + u - 1/3*u**3 + 56. Determine p(-5).
-19
Let z(x) = 8*x**2 + 28*x + 349. Let a(j) = 23*j**2 + 85*j + 1010. Let f(d) = 6*a(d) - 17*z(d). Calculate f(-12).
7
Let g(z) be the second derivative of -z**5/20 + 3*z**4/2 + 19*z**3/6 - 3*z**2 + 6*z. Let c be g(19). Let t(l) = -l + 3. Determine t(c).
9
Let y(q) = -52*q**3 - q**2 + 1. Suppose 2*v + 360*r = 357*r - 14, -v - 17 = 4*r. Determine y(v).
52
Let h(o) be the third derivative of 53*o**2 + 0 + 1/2*o**3 - 1/24*o**4 - 2*o. Determine h(-6).
9
Let t(n) = -17*n**2 - 26*n + 4. Let h(r) = -10*r**2 - 13*r + 2. Let d(g) = -5*h(g) + 3*t(g). Give d(-9).
38
Let d(h) = -9*h**2 + 35*h - 31. Let p(t) = -56*t**2 + 220*t - 188. Let y(v) = 25*d(v) - 4*p(v). Give y(0).
-23
Let b = -18008 - -18008. Let h(w) be the first derivative of b*w**2 + 0*w**3 - 35 + 0*w + 1/4*w**4. Calculate h(-2).
-8
Let t(k) be the first derivative of k**3/3 - k**2/2 - 9*k - 28. Let x = -273 - -277. Calculate t(x).
3
Let w(a) be the third derivative of -a**6/720 - 3*a**5/40 + a**4/24 + 5*a**3 - 22*a**2. Let x(c) be the second derivative of w(c). Calculate x(-14).
5
Let d(m) = 2*m**3 - 20*m**2 - 7*m + 34. Let i(s) = -s**3 + 5*s**2 + 7*s + 4. Let y be i(6). Calculate d(y).
-36
Let d(x) = -x**2 - 7*x - 6. Let z = 558 + -555. Suppose 0 = -0*o + 4*o - 40. Suppose z*c + 28 = o. Determine d(c).
0
Let v(z) = -3*z + 1. Let c be v(-2). Let m be -3 + 0 + c/1. Let y(i) = -646 + 357 + 290 + i. Give y(m).
5
Suppose -39 - 17 = -8*a. Let i(z) be the second derivative of -4/3*z**3 + 1/12*z**4 + 0 + 2*z**2 + z. Calculate i(a).
-3
Let b(m) = m**2 - 6*m + 3. Let c = -19 + 49. Let l(x) = 10*x + 286. Let o be l(-26). Let i = c - o. Determine b(i).
-5
Suppose 108 = -u + 15. Let k = 98 + u. Let t(x) = -3*x + 7. Let a(o) = 7*o - 15. Let c(n) = 2*a(n) + 5*t(n). Determine c(k).
0
Let k(g) = -g**3 + 23*g**2 - 3*g + 68. Let s(j) = -j**2 + 96*j - 432. Let i be s(5). Determine k(i).
-1
Let f(i) = 21*i - 158. Let u(t) = -301*t + 5426. Let z be u(18). Determine f(z).
10
Let m(p) = -p**3 + 4*p**2 - 2*p + 7. Let c(y) be the third derivative of -7*y**4/3 - 2*y**3/3 + 13*y**2. Let k be c(-1). Let n be -1 + 13/(k/24). What is m(n)?
-28
Let g(r) = -2*r + 19. Suppose 5*f - 5*l = 60, -390*f - 21 = -392*f + 5*l. Calculate g(f).
-7
Let n(z) be the first derivative of -z**5/120 - z**4/12 - 32*z**3/3 + z**2 - 34. Let o(x) be the third derivative of n(x). What is o(-6)?
4
Let g(m) = -1 - m - 1 - 2. Let n = 68 + -64. Suppose 0 = -4*c + n*p + 24, -5*p + 18 = 3*c - 0*p. Give g(c).
-10
Suppose 4*c - c = 24. Let x(j) be the first derivative of j**2 + 8*j + 86452. Determine x(c).
24
Suppose -w - 2*v = -15, -3*w + 7*v - 3*v + 5 = 0. Let a(k) be the second derivative of k**5/20 - k**4/2 - 7*k**3/6 + 5*k**2/2 - 6*k. Calculate a(w).
5
Let x = 726 + -714. Let k(r) = -148*r - r**2 + x + 149*r - 7. What is k(-2)?
-1
Let n(i) be the second derivative of i**3/6 - 41*i**2/2 + 967*i. What is n(19)?
-22
Suppose 4*a = 8, -2*h + 3*a + 2*a + 80 = 0. Let f = h + -45. Let c(u) = -u + u - u + f. What is c(-1)?
1
Let p(s) = 2*s**2 - 23*s - 135. Let w(t) = -9*t**2 + 117*t + 673. Let v(f) = 14*p(f) + 3*w(f). Calculate v(-6).
-9
Let j(z) = 10 - 1421262*z + 10 + z**2 + 1421275*z. Calculate j(-8).
-20
Let z(q) = -529*q + 1075*q - 199 - 556*q. Give z(-21).
11
Let j(p) = p - 2. Let q(o) = 10*o - 16. Let c(x) = -21*j(x) + 3*q(x). Let f(z) = -14*z + 6. Let s(t) = -4*c(t) - 3*f(t). Determine s(-3).
-12
Suppose -2846*v - 126 = -2838*v + 26. Let q(o) = -3*o**3 